digit of z?
4
Suppose 2*j = 3*j. Suppose j = 3*y - 51 - 9. What is the units digit of y?
0
Suppose 5*p + 10 = 0, 4328 = 4*l - 0*p + 2*p. What is the tens digit of l?
8
Let p = 43 + -29. Let v be 528/p + 4/14. Suppose -q = -2*c + v, -q + 41 = 5*c - 47. What is the tens digit of c?
1
Let f(m) = -199*m + 3. Let g be -4*(0/2 + (-8)/(-32)). What is the tens digit of f(g)?
0
What is the units digit of 2/(206404/(-22935) - -9)?
0
Let i(r) be the second derivative of -r**5/20 - 7*r**4/12 - 2*r**3/3 + 3*r**2 + r. Let c be i(-5). Let j = 38 + c. What is the units digit of j?
4
Let i(t) = t**3 - 5*t**2 - t + 6. Let u be i(5). Let d be (u + (-12)/9)*-249. Suppose d = 5*o - 72. What is the tens digit of o?
3
Let k(m) = m + 50. Let a be k(-9). Suppose -47*b = -a*b - 912. What is the tens digit of b?
5
Suppose 14 = l - 2*o, 0*o + 3*o - 18 = -5*l. What is the tens digit of (2*1/l)/((-26)/(-8814))?
1
Let c(i) = i + 1. Let s(k) = -2*k**2 - 20*k - 27. Let d(w) = -6*c(w) - s(w). What is the tens digit of d(-8)?
3
What is the units digit of ((-3)/((-3)/(-52)))/(215/(-430))?
4
Let p(k) = -8*k - 4. Let d be p(-10). Suppose d = -0*r + r. What is the units digit of r?
6
Let a(k) = -105*k + 34. What is the hundreds digit of a(-6)?
6
Let s(j) be the third derivative of -j**6/120 + j**5/5 - 7*j**4/24 - 5*j**3/6 - j**2. Let p be s(9). Suppose -p = -8*t + t. What is the units digit of t?
5
Suppose 0*m + 3*m = 9. Let l be 12*(m + 33/(-9)). What is the units digit of -10 - l - (-8 - -1)?
5
Suppose -b - 318 - 459 = f, 3*b - 3*f + 2343 = 0. Let t be b/(-7) - 26/91. Let c = t - 71. What is the tens digit of c?
4
What is the tens digit of 319 + (0 - 3) - 7?
0
What is the units digit of (-15)/135 - ((-4215)/27 + -1)?
7
Let x(d) = 29*d**2 + 12*d + 28. What is the tens digit of x(-2)?
2
Let g(f) = -45*f + 4. Let j be g(-2). Let r = 196 - j. Suppose 4*o - 90 = -2*u + 108, -2*u = -2*o + r. What is the units digit of o?
0
Let p be (-1209)/2*-8*2/6. Suppose -14*k - p = -4650. What is the tens digit of k?
1
Suppose 0*z = -4*z - 8, 2*z + 610 = 2*l. Let c = l - 213. What is the units digit of c?
0
Suppose -j - j = 24. Let h = 17 + j. Suppose -5 = 5*k + h, 0 = -2*p + 5*k + 54. What is the tens digit of p?
2
Let f(k) = 10*k**2 - k**3 + 29*k + 0*k**2 - 12 - 8*k + 1. What is the hundreds digit of f(8)?
2
Let k(p) = 2*p - 7. Let g be k(6). Let w be 153 - (1/3)/((-3)/(-36)). Suppose 3*l - 2*r - w = 0, -l + r = g*r - 31. What is the tens digit of l?
4
Suppose -o + 21 = 2*j + 2*j, 5 = 5*j - 3*o. Suppose 2*c = 4*w - w - 512, j*w - 4*c = 684. What is the hundreds digit of w?
1
Let i(j) = -2*j - 13. Suppose 0 = 6*u - 3*u + 57. What is the tens digit of i(u)?
2
Let m be 3/12 - (-14)/8. Suppose 4*a - 4*n = -a + 121, -m*a - 2*n = -34. What is the tens digit of a?
2
Suppose 74*v + 2115 = 77*v. Let j = v + -481. What is the hundreds digit of j?
2
Let z(s) be the first derivative of -s**4/4 - s**3/3 + 93*s - 7. Let u be z(0). Suppose 5*b - u - 22 = 0. What is the tens digit of b?
2
Let r = 825 - 579. What is the units digit of r?
6
Let h = -2 - -4. Suppose m = -h*m + 12. Suppose -5*s + 0*s + 4*l = -9, m*s - 1 = -3*l. What is the units digit of s?
1
Let q be 1 + -1*(-8)/4. Suppose q*h = 106 + 170. What is the tens digit of h?
9
Let x(s) = -28*s + 4. Let g be 6*(15/9)/5. Let d(i) = -141*i + 20. Let h(b) = g*d(b) - 11*x(b). What is the tens digit of h(3)?
7
Let g(p) = 64*p - 40. What is the units digit of g(8)?
2
Let y(z) = -z**3 - 6*z**2 - 3*z + 4. Let k = 2 + 2. Suppose -3*n + 3*i - 27 = 0, -3*n - k*i - 7 + 1 = 0. What is the units digit of y(n)?
2
Let u = 3923 + -1983. Suppose 40*t = 30*t + u. What is the units digit of t?
4
What is the thousands digit of 4051 - ((-6 + 1 - -5) + -6)?
4
Let i(b) = -2 - 47*b + 24*b + 24*b. Let a be i(5). Suppose -120 = -a*u + u. What is the units digit of u?
0
Let i(p) = 84*p**3 - 6*p**2 + 8*p - 2. Let m be i(2). Let v = m + -455. What is the hundreds digit of v?
2
Suppose -5*l = 3*b - 0*l - 40, b + 3*l - 20 = 0. Suppose 2*j + o = 2*o + 45, b*o = 2*j - 41. What is the tens digit of j?
2
Let z(m) = -m - 5. Suppose -2*b + 51 = -5*b. Let o = -24 - b. What is the units digit of z(o)?
2
Let w be 0/(2 - (4 + -3)). Let u be 3*2*(w + 2). Suppose -2*y = -4*y + u. What is the units digit of y?
6
Let w = -5 + 14. Suppose -5*k = -2*f + 12 + 1, 3*f + 3*k = w. Suppose f*t + 0*v = 4*v + 200, 2*t - v = 95. What is the units digit of t?
5
Let m(w) = 8*w**2 + 20*w + 1. What is the tens digit of m(6)?
0
Suppose -12*x + 1630 = -4070. Suppose -4*n - 2*a = -a - 385, -5*n + 5*a = -x. What is the units digit of n?
6
Let c = 8170 - 5534. What is the units digit of c?
6
Suppose 3*r + 112 = m, m - 133 = -2*r - 2*r. What is the tens digit of m?
2
Let f(o) = -124*o**2 - 5. Let y(j) = -31*j**2 - 1. Let g(h) = 2*f(h) - 9*y(h). What is the tens digit of g(-1)?
3
Let k be 10185/25 + (-3)/(-5). Let t be k/(-20) - 3/5. What is the units digit of (-4)/2 - (t + 1)?
8
Let s(o) = -o**3 - 5*o**2 - 3*o + 7. Let j be s(-4). What is the tens digit of -4 + (j - 7 - -67)?
5
Suppose 2*f + 4*m - 26 = 0, 5*m - 46 + 0 = -4*f. Let w be (40/25)/(4/10). Suppose f*q = w*q + 370. What is the units digit of q?
4
Suppose 0 = 5*s + 1 - 11. Suppose c + s*c = 6. Suppose 0 = -c*l + 29 + 31. What is the units digit of l?
0
Suppose -20*k = 5073 - 21453. What is the tens digit of k?
1
Let p(c) = c**2 - 2*c - 8. Let l(a) = a**2 - 2*a - 9. Let o(k) = -6*l(k) + 7*p(k). Let q = 3 - -1. What is the units digit of o(q)?
6
Suppose 2484*y - 2480*y = 11108. What is the thousands digit of y?
2
Suppose 8*v = 2*v + 48. What is the tens digit of (-1)/(-1) + 2*180/v?
4
Suppose -2*u + u = 5*k + 9, 4*k - 12 = -4*u. What is the hundreds digit of (306/(-15) + 0)*(1 - u)?
1
Let g be (-1)/(-2)*(0 - -4). Suppose -5*m - 2 = o, o - m - 6 = -g. What is the units digit of (-16)/o*54/(-24)?
2
Let w(m) = m**3 - 5*m**2 + 5*m + 13. Suppose 5*v + 7 = -8, 0 = -3*o - 5*v + 3. What is the tens digit of w(o)?
7
Let l = -32 - -37. Suppose -15 = l*b, b = -3*g - b + 24. What is the tens digit of (g/3)/(4/36)?
3
Let l = 34 - 32. Suppose 3*j = -l*o + 5, -4*j = o - 1 + 11. Let a = 17 + o. What is the tens digit of a?
2
Let m(x) = x**3 + 4*x**2 - 7*x - 7. Let j be m(-5). Let o(h) = -3*h**2 + 3 + j*h**2 + 3*h**2 - 4*h - h**2. What is the units digit of o(2)?
3
Let z = -23 + 53. Suppose z + 84 = 3*m. What is the tens digit of m?
3
What is the hundreds digit of 738/(-36) + 17 + (-2934)/(-4)?
7
Let t(g) = -g**3 - 11*g**2 - 7*g - 49. What is the hundreds digit of t(-13)?
3
Suppose -12*b - 19452 = -24*b. What is the thousands digit of b?
1
Let k(v) = 3*v**2 - v - 1. Let w be k(2). Let s = w - 7. Suppose -s*j + 75 = j. What is the tens digit of j?
2
Suppose -7*p = 8*p - 30. Suppose -p*f = 68 - 600. What is the hundreds digit of f?
2
Let d = 1632 + 4127. What is the units digit of d?
9
Let i(v) = 149*v + 2. What is the hundreds digit of i(1)?
1
Let u = 2825 + 889. What is the units digit of u?
4
Let l(a) = 7*a**2 - 15*a + 28. Let k(z) = -6*z**2 + 16*z - 28. Let w(i) = 6*k(i) + 5*l(i). Let t be w(20). Let o = t + 62. What is the tens digit of o?
5
Let u be 1/((-3)/(-2))*-54. Let t(h) = -10*h**3 - 2*h**2 + 4*h + 5. Let w be t(-2). Let k = w + u. What is the units digit of k?
3
Suppose -5*c = -20 - 5. Suppose -c*p + 10 = 335. Let x = -36 - p. What is the tens digit of x?
2
What is the units digit of 30/45*3519/2?
3
Suppose 17*y - 15*y - 9109 = -5*z, -4*z = y - 7289. What is the hundreds digit of z?
8
Let c be 8/(-14) + (-16)/(-28). Suppose 3*k + 5*y - 689 + 24 = c, k - 5*y = 195. What is the units digit of k?
5
Let x = 19 - -508. What is the tens digit of x?
2
Let r(z) = 3*z - 43. Let x be r(14). What is the tens digit of (-4)/(-2) - (x*9 - 0)?
1
Suppose 4*b = -3*q + 43, -2*b + 10 = -b + q. Let z(k) = -b*k + 1 + 14*k - k**2 + 7 + 7. What is the units digit of z(0)?
5
Let v be 2 - ((5 - 2) + 2/(-2)). Suppose v = 6*j - 5*j - 26. What is the tens digit of j?
2
Let l be (-17)/(-4) - (125/20 - 6). Suppose -l*q = -1183 + 247. What is the tens digit of q?
3
What is the tens digit of (16 - -874) + -1 + (3 - 1)?
9
Suppose 0 = -5*l + 50 + 5. Let r = 58 - l. Suppose 3*p - 2*f - r = -3*f, -4*p + 5*f = -69. What is the tens digit of p?
1
Suppose -6*b + 3*b + 6 = 0. Let p(u) = u**2 + 2*u. Let s 